alse
Is 16 a factor of 1378368?
True
Is 3102832 a multiple of 8?
True
Is 22 a factor of 193058?
False
Is 122 a factor of 1607350?
True
Is 631338 a multiple of 12?
False
Is 6037912 a multiple of 60?
False
Is 13619808 a multiple of 152?
True
Is 361 a factor of 1345447?
True
Is 31995 a multiple of 405?
True
Is 691408 a multiple of 23?
False
Is 11 a factor of 22755876?
True
Is 172770 a multiple of 573?
False
Does 541 divide 2505294?
False
Is 531372 a multiple of 948?
False
Is 1498619 a multiple of 141?
False
Does 21 divide 564227?
False
Is 130725 a multiple of 45?
True
Is 61 a factor of 260348?
True
Is 535 a factor of 272850?
True
Is 31375 a multiple of 251?
True
Is 63 a factor of 878347?
False
Is 44073 a multiple of 3?
True
Is 3110 a multiple of 10?
True
Is 18112 a multiple of 64?
True
Is 421 a factor of 670232?
True
Is 42 a factor of 1906559?
False
Is 255 a factor of 7335?
False
Is 33278 a multiple of 10?
False
Is 115 a factor of 3398135?
True
Does 12 divide 329238?
False
Is 9 a factor of 34135?
False
Is 152 a factor of 14747648?
True
Does 49 divide 2232832?
True
Does 4 divide 858096?
True
Is 437 a factor of 7706495?
True
Is 300787 a multiple of 5?
False
Is 113 a factor of 4600117?
True
Does 13 divide 25814367?
False
Is 9 a factor of 31500?
True
Does 86 divide 244584?
True
Is 28 a factor of 3248?
True
Is 350203 a multiple of 22?
False
Is 481566 a multiple of 6?
True
Is 424086 a multiple of 6?
True
Is 520 a factor of 103721?
False
Does 410 divide 1122580?
True
Is 157 a factor of 1008841?
False
Is 23 a factor of 1907545?
False
Is 51 a factor of 86700?
True
Is 53 a factor of 50933?
True
Does 7 divide 686084?
True
Is 155 a factor of 237770?
True
Is 4 a factor of 515646?
False
Does 14 divide 29238?
False
Is 114225 a multiple of 477?
False
Does 94 divide 3303524?
False
Does 100 divide 1189700?
True
Is 1068 a factor of 1224996?
True
Is 49920 a multiple of 3?
True
Is 2290923 a multiple of 1008?
False
Is 1311719 a multiple of 4?
False
Does 18 divide 117654?
False
Is 178640 a multiple of 56?
True
Is 360991 a multiple of 121?
False
Is 86 a factor of 668453?
False
Does 110 divide 323290?
True
Is 5282055 a multiple of 593?
False
Is 16 a factor of 383130?
False
Is 648940 a multiple of 284?
True
Does 12 divide 179232?
True
Does 10 divide 651888?
False
Does 57 divide 4490067?
False
Is 95940 a multiple of 45?
True
Does 71 divide 5859488?
True
Is 29965 a multiple of 4?
False
Is 917782 a multiple of 155?
False
Is 66520 a multiple of 2?
True
Does 26 divide 2261610?
True
Is 826 a multiple of 118?
True
Is 617202 a multiple of 9?
True
Is 2 a factor of 115993?
False
Is 10740496 a multiple of 26?
True
Does 39 divide 20479?
False
Is 61 a factor of 547149?
False
Does 8 divide 110025?
False
Does 40 divide 9400?
True
Is 15 a factor of 3106?
False
Is 81228 a multiple of 42?
True
Does 8 divide 1380815?
False
Does 115 divide 217465?
True
Is 49 a factor of 23888431?
True
Does 375 divide 253342?
False
Is 2849617 a multiple of 760?
False
Is 24 a factor of 98136?
True
Is 225189 a multiple of 11?
False
Is 5534 a multiple of 28?
False
Does 223 divide 2272387?
False
Does 68 divide 1292051?
False
Is 20918304 a multiple of 682?
True
Is 10979430 a multiple of 330?
True
Is 209898 a multiple of 65?
False
Does 7 divide 137298?
True
Does 16 divide 35792?
True
Does 2 divide 13006?
True
Is 891072 a multiple of 52?
True
Does 49 divide 83839?
True
Is 16 a factor of 1866012?
False
Is 10769498 a multiple of 17?
False
Does 31 divide 4467019?
False
Does 16 divide 1302720?
True
Is 740001 a multiple of 13?
False
Is 38709 a multiple of 17?
True
Does 239 divide 10379501?
False
Does 17 divide 1024794?
True
Is 1895673 a multiple of 3?
True
Does 29 divide 130712?
False
Is 43575 a multiple of 175?
True
Is 11 a factor of 3428119?
False
Is 12 a factor of 531765?
False
Is 33825 a multiple of 12?
False
Does 94 divide 412257?
False
Is 15 a factor of 842895?
True
Is 3111174 a multiple of 6?
True
Is 34 a factor of 148920?
True
Is 83454 a multiple of 31?
False
Does 54 divide 353970?
True
Is 7979418 a multiple of 321?
True
Is 1975680 a multiple of 384?
True
Does 2 divide 363701?
False
Is 6 a factor of 21299?
False
Is 194935 a multiple of 13?
True
Does 3 divide 1927564?
False
Is 10 a factor of 1094970?
True
Is 233 a factor of 1556741?
False
Does 70 divide 776300?
True
Does 101 divide 43336?
False
Does 183 divide 29097?
True
Is 152438 a multiple of 41?
True
Is 208 a factor of 106450?
False
Is 44 a factor of 2519029?
False
Does 346 divide 1388844?
True
Is 4450092 a multiple of 266?
False
Is 133 a factor of 10641075?
False
Does 154 divide 74844?
True
Is 2328397 a multiple of 4?
False
Is 1272912 a multiple of 24?
True
Is 4014182 a multiple of 5?
False
Is 22 a factor of 2590390?
True
Is 28 a factor of 183499?
False
Does 1279 divide 5087937?
False
Is 7168 a multiple of 56?
True
Is 71894 a multiple of 33?
False
Is 29 a factor of 6645515?
False
Is 368877 a multiple of 151?
False
Does 30 divide 3830611?
False
Is 8925864 a multiple of 772?
True
Does 126 divide 2972154?
False
Does 606 divide 715108?
False
Is 11556989 a multiple of 150?
False
Is 7764174 a multiple of 1782?
True
Is 688 a factor of 682626?
False
Is 945203 a multiple of 12?
False
Is 3834013 a multiple of 88?
False
Does 10 divide 8866208?
False
Does 254 divide 41842?
False
Does 93 divide 8649?
True
Is 55390 a multiple of 12?
False
Does 87 divide 3944928?
True
Is 7 a factor of 13111406?
True
Does 292 divide 43171?
False
Does 7 divide 16705?
False
Is 5 a factor of 39208?
False
Is 3444959 a multiple of 37?
True
Is 22 a factor of 431750?
True
Is 96 a factor of 142080?
True
Is 601 a factor of 1610079?
True
Is 91 a factor of 296660?
True
Does 136 divide 76157?
False
Does 360 divide 5072400?
True
Is 11 a factor of 556512?
True
Is 29 a factor of 3186925?
False
Is 16 a factor of 73778?
False
Is 681 a factor of 385847?
False
Does 585 divide 932513?
False
Is 87805 a multiple of 55?
False
Is 2542695 a multiple of 208?
False
Is 4 a factor of 24928?
True
Is 3286558 a multiple of 41?
False
Is 1224450 a multiple of 594?
False
Is 51 a factor of 239416?
False
Does 503 divide 1107978?
False
Is 865 a factor of 3186660?
True
Does 612 divide 6336648?
True
Does 13 divide 3438793?
False
Is 62 a factor of 116312?
True
Is 19 a factor of 1962035?
True
Is 2033043 a multiple of 385?
False
Is 8 a factor of 758888?
True
Is 396980 a multiple of 460?
True
Is 348860 a multiple of 3?
False
Is 32 a factor of 14819099?
False
Does 10 divide 90103?
False
Does 459 divide 1443096?
True
Is 197 a factor of 1468635?
True
Does 501 divide 6521361?
False
Does 184 divide 670496?
True
Is 57 a factor of 648346?
False
Does 595 divide 2668680?
False
Is 13 a factor of 74616?
False
Is 1656924 a multiple of 11?
False
Is 146547 a multiple of 2?
False
Is 17 a factor of 2328371?
True
Does 17 divide 3195?
False
Does 192 divide 11708544?
True
Is 282 a factor of 2078543?
False
Is 386 a factor of 9247016?
True
Does 6 divide 388044?
True
Is 8 a factor of 994648?
True
Is 71 a factor of 49274?
True
Is 2719200 a multiple of 11?
True
Does 17 divide 67677?
True
Is 958532 a multiple of 20?
False
Does 261 divide 602437?
False
Does 34 divide 4188902?
True
Is 545 a factor of 1974535?
True
Is 169800 a multiple of 26?
False
Is 250 a factor of 2079238?
False
Is 242 a factor of 107276?
False
Does 11 divide 3476880?
True
Is 317781 a multiple of 279?
True
Is 124 a factor of 8877?
False
Does 20 divide 7854480?
True
Does 54 divide 3236239?
False
Is 13 a factor of 236182?
False
Does 672 divide 39045216?
True
Does 37 divide 157651?
False
Is 102697 a multiple of 11?
False
Is 14430 a multiple of 13?
True
Does 185 divide 651425?
False
Does 11 divide 19009397?
True
Is 388387 a multiple of 61?
True
Is 159470 a multiple of 22?
False
Does 19 divide 5849739?
True
Is 68 a factor of 29320?
False
Is 4741 a multiple of 166?
False
Is 446 a factor of 2460671?
False
Does 384 divide 117147?
False
Does 6 divide 6130656?
True
Is 900 a factor of 298800?
True
Is 266257 a multiple of 37?
False
Is 311950 a multiple of 17?
True
Is 52866 a multiple of 24?
False
Is 172919 a multiple of 19?
True
Is 138 a factor of 19998960?
True
Is 105 a factor of 363300?
True
Is 12770721 a multiple of 1064?
False
Is 7770 a multiple of 17?
False
Is 505936 a multiple of 15?
False
Doe